t is the greatest common divisor of 96 and a?
32
Let d be 80 - (-4 - 4)/(-2). Let j = d - 16. Calculate the greatest common factor of 24 and j.
12
Let f be ((-17)/(-2) - 7)*40/6. Suppose j = 3*j - 16. Suppose 160 = f*t - j*t. What is the greatest common factor of 10 and t?
10
Let m be -4*1 + 14 + -4. Let h be (-2)/4 - (-1059)/m. What is the highest common divisor of h and 16?
16
Let i = 239 - 95. Suppose 2*z - 2 - 16 = -u, -45 = -3*u + 3*z. Calculate the greatest common divisor of u and i.
16
Suppose -s - 57 = -2*d + 12, -5*d = -3*s - 211. Let v = s - -132. Calculate the highest common divisor of 11 and v.
11
Let q(i) = -3*i**3 + 3*i. Let c be q(-2). Suppose -t - 5*n - 13 = 0, -4*t = -2*t - 5*n - 49. Calculate the greatest common divisor of t and c.
6
Let w = -62 + 108. Let r = w + -38. Let v(a) = 23*a**2 + 3*a + 2. Let d be v(-2). What is the greatest common divisor of d and r?
8
Let f = -1132 - -1210. Calculate the highest common factor of f and 780.
78
Let a be (-3)/1*(-39)/9. Suppose -a*z = -16*z + 12. Calculate the greatest common factor of z and 8.
4
Let a(n) = n**2 - n + 2. Let g be a(2). Let d be ((-10)/15)/(g/(-18)). What is the greatest common divisor of 9 and d?
3
Let w be ((-50)/15)/((-4)/18). Let z be w/9*12/10. Suppose z*k + p = 105, 2*k + 5*p - 130 = -13. Calculate the highest common factor of k and 34.
17
Let k(h) = h + 33. Let u be k(0). Suppose -148*z + 146*z = -6. Calculate the greatest common factor of u and z.
3
Suppose -6 = -u + 45. Let i be (-308)/(-9) - (72/81)/4. Calculate the highest common divisor of u and i.
17
Let w be (-16)/24 + (-2)/(-3). Suppose -2*t + 195 = 3*s, 3*t - t + 5*s - 185 = w. Calculate the greatest common divisor of 15 and t.
15
Suppose 264 = 95*k - 93*k. Calculate the greatest common divisor of k and 33.
33
Let l(y) = y**3 + 23*y**2 + y + 107. Let v be l(-23). What is the greatest common divisor of v and 63?
21
Let x = -13 + 17. Suppose -x*t = m - 29, 19 = 5*t - 2*m - 14. Calculate the greatest common divisor of 1 and t.
1
Let b = 51 - 47. Suppose -2*y = -4*i - 52, -9 = b*i + 7. What is the greatest common factor of y and 198?
18
Suppose -2*m - x + 156 = 0, 418 = 4*m - 3*x + 126. Suppose 0 = -64*n + 634 + 582. Calculate the highest common divisor of n and m.
19
Suppose 3*m - 406 = 3*d + 251, 0 = -m + 5*d + 215. Let c = -11087 - -11107. Calculate the greatest common divisor of c and m.
20
Let m be 2/((4/(-19))/(-2)). Let g(q) = -q**2 - 12*q - 16. Let u be g(-5). Calculate the highest common divisor of m and u.
19
Suppose -731 = 10*z - 11401. Calculate the greatest common factor of 11 and z.
11
Suppose -u + 14 = 2*j, -43 = 12*u - 14*u - j. Calculate the greatest common divisor of u and 204.
12
Let b be 202 + (-15 - -14)/((-1)/(-2)). What is the greatest common factor of b and 120?
40
Let f be 19 - (0 + -1)*-2. Let b = 5 + -1. Suppose -b*t + 34 = -3*t. What is the greatest common divisor of f and t?
17
Suppose 21 = -7*o + 10*o. Suppose -2*y + o*y - 25 = 0. Calculate the highest common divisor of y and 5.
5
Suppose 0 = 2*x + 3*x - 120. Let r = 41 - x. Let p = -1 + r. Calculate the greatest common divisor of p and 16.
16
Suppose 112 = p + 2*b, -5*p + 404 = -p - 3*b. Calculate the highest common factor of 78 and p.
26
Let x = 10 + 56. Suppose d + x = 4*u, d = 3*u - d - 47. Suppose 0 = -22*l + u*l + 160. What is the greatest common factor of 8 and l?
8
Let s = -209 + 215. Calculate the highest common factor of s and 18.
6
Suppose -4*q + b + 343 = 0, -8*q = -13*q - 2*b + 419. What is the highest common divisor of 51 and q?
17
Suppose 4*l - 197 = 27. Let t be (-1)/1 - 117/(-13). Calculate the highest common divisor of t and l.
8
Let y(z) = -26*z + 364. Let o be y(11). Calculate the highest common divisor of o and 1066.
26
Suppose -2*l + 224 + 52 = 0. Let n = l - 23. What is the highest common factor of n and 46?
23
Suppose -5*s = 4*z - 273, -3*s + 5*z = 10 - 159. Let r = -37 + s. Calculate the highest common divisor of r and 80.
16
Suppose f - 21 = -19. Suppose 3*r + f = 101. Calculate the highest common divisor of r and 132.
33
Let v be 5 - -170 - 5/(4/(-4)). What is the greatest common factor of 240 and v?
60
Suppose -37 - 8 = -3*t. Let y = t - 11. Suppose b - 7 - 15 = -3*i, -31 = -y*i - b. Calculate the greatest common factor of 1 and i.
1
Let x(q) = -10 + 6*q - q + 0*q. Let w be x(13). Calculate the greatest common factor of 10 and w.
5
Let t = -730 + 736. Calculate the highest common factor of t and 606.
6
Suppose 3*y = 2*g + 68, -2*y - g + 5*g = -48. Calculate the highest common factor of 352 and y.
22
Suppose 7 = -2*r - 1. Let j = 83 - 119. Let h = r - j. What is the highest common factor of h and 8?
8
Suppose -169 = 4*x + 271. Let y = 229 + x. What is the highest common divisor of 17 and y?
17
Let a(t) = t**3 - 9*t**2 - 15*t - 15. Let y be a(11). Let u = y - 35. What is the highest common divisor of u and 27?
27
Suppose 2 - 29 = v. Let j = v - -148. What is the highest common divisor of 11 and j?
11
Let u = 7098 - 3603. What is the highest common factor of u and 15?
15
Let w = -35 + 36. Let r be 53/w - (-6 - -5). What is the greatest common factor of r and 6?
6
Suppose -2*k - 4*r = 20, 3*r = -3*k + 4*r + 5. Let v(c) = c**3 + c**2 + c + 99. Let a be v(k). What is the greatest common factor of a and 9?
9
Suppose 0 = -18*i + 17*i + 12. Calculate the greatest common divisor of 32 and i.
4
Let r(p) = -2*p**2 + 7*p - 5. Let l be r(3). Let q be 17 + l + (-3 - -10). What is the greatest common divisor of q and 110?
22
Suppose -4*c + 10*c = -690. Let m = c + 243. Calculate the highest common factor of m and 8.
8
Suppose -5*z + 10 + 5 = 0. Suppose -7*j = 7*j - 210. Calculate the highest common divisor of j and z.
3
Let c(i) = 2*i**2 + 4*i + 3. Suppose -3*d - 10 - 14 = 0. Let m be c(d). Calculate the highest common divisor of m and 9.
9
Let q be (32/10)/((-22)/110). Let b = q + 20. Suppose -b*f = -13 - 11. Calculate the greatest common divisor of 15 and f.
3
Suppose -17*t + 300 = -584. Calculate the greatest common divisor of 182 and t.
26
Let a = -1224 + 2054. Calculate the greatest common divisor of 10 and a.
10
Let v be 316/10*10 - 8. What is the highest common factor of v and 2?
2
Let z = -537 - -538. Calculate the highest common divisor of 32 and z.
1
Let y be 24 - 21 - (1 + -32*8). Calculate the greatest common factor of y and 86.
86
Let y be 1 + (-1)/(3/(-201)). Let z = 103 - y. Suppose -4*l + 1410 = 2*g, -1676 = -5*l - 4*g + 94. What is the highest common factor of z and l?
35
Let q = 109 + -87. Let x(o) = 153*o**3 + 2*o**2 - 1. Let r be x(1). Calculate the highest common factor of r and q.
22
Let i(d) = 3*d + 3. Let v be i(1). Let w = v + 2. What is the greatest common factor of 32 and w?
8
Let u(v) = 8*v + 18. Let j(o) = 25*o + 55. Let q(m) = 3*j(m) - 10*u(m). Let y be q(-21). Calculate the greatest common factor of y and 10.
10
Suppose 10*a - 7*a - 167 = i, -4*a - 4*i + 228 = 0. What is the highest common divisor of 140 and a?
28
Suppose -23*y + 104 = -80. Calculate the greatest common factor of y and 328.
8
Suppose 0 = -93*u + 1995 + 1710 - 78. Suppose 110 = 3*h - 46. What is the highest common divisor of u and h?
13
Suppose -5*g = -3*g - 4. Let b(p) = 1 + 2*p - 10 + p + g*p. Let s be b(12). What is the highest common divisor of 17 and s?
17
Let p(m) = -m + 40*m**2 + 91*m**2 + 2*m. Let g be p(1). Calculate the greatest common divisor of g and 12.
12
Suppose 8*s - 4*s + 68 = 0. Let z = s + 73. Let w(v) = v**2 + 5*v + 7. Let n be w(-5). What is the greatest common factor of n and z?
7
Let f be (-4)/(-14) - 61/(-7). Let q = 424 + -418. Suppose -f = -3*s + q. What is the highest common divisor of s and 10?
5
Let c be (4/(-6))/(18/(-54)). Let a(x) = 3*x**c - 4*x + 6*x - 2*x**2 - 8. Let f be a(4). Calculate the highest common factor of f and 8.
8
Let s(f) = -18*f + 488. Let j be s(26). What is the greatest common divisor of j and 190?
10
Suppose -z + 3*z + 5*j = 28, 0 = 2*z - 4*j - 64. Let g be (8/(-12))/(2/z). Let k = g + 18. Calculate the greatest common factor of k and 90.
10
Let h = -43 - -48. Suppose -5*m + 3*i + 14 = 0, -m - i = -h - 1. Calculate the greatest common factor of 2 and m.
2
Let v(m) be the third derivative of -m**5/60 - 7*m**4/24 - m**3 + m**2. Let h be v(-6). Let q be (1 - 51)*-1 